{"id":9274,"date":"2026-04-24T09:33:34","date_gmt":"2024-11-01T01:30:45","guid":{"rendered":"http:\/\/Abarth-600e-Bologna%20e%20Ferrara"},"modified":"2026-04-24T12:33:34","modified_gmt":"2026-04-24T10:33:34","slug":"abarth-600e","status":"publish","type":"veicoli","link":"https:\/\/www.gruppoghedini.it\/abarth\/veicoli\/abarth-600e\/","title":{"rendered":"Abarth 600e a Bologna e Ferrara"},"content":{"rendered":"\n<p><strong>Nuova Abarth 600e<\/strong> \u00e8 molto pi\u00f9 di un&#8217;auto: \u00e8 un concentrato di adrenalina, innovazione e puro divertimento. Un SUV compatto dall\u2019anima sportiva, che unisce prestazioni mozzafiato alla tecnologia pi\u00f9 avanzata, regalando un\u2019esperienza di guida unica. Ogni curva, accelerazione e dettaglio \u00e8 pensato per <em>trasmettere energia e passione<\/em>. Scegli Abarth 600e per vivere emozioni autentiche, che si riflettono perfettamente nello spirito di chi non scende a compromessi.<\/p>\n\n\n\n<h2 class=\"wp-block-heading\">Design dinamico e interni di classe di Abarth 600e<\/h2>\n\n\n\n<p><strong>Abarth 600e<\/strong> si distingue subito per il suo <strong>design grintoso<\/strong> e audace, caratterizzato da linee muscolose e dettagli unici che esprimono potenza e stile inconfondibili. Gli interni sono un perfetto connubio tra comfort e sportivit\u00e0, con materiali premium come Alcantara e dettagli ergonomici che avvolgono guidatore e passeggeri in un ambiente curato e tecnologico. Grazie a un sistema di infotainment di ultima generazione e a una strumentazione digitale, ogni viaggio diventa un\u2019esperienza coinvolgente e all\u2019avanguardia.<\/p>\n\n\n\n<h2 class=\"wp-block-heading\">Potenza elettrica e innovazione senza limiti<\/h2>\n\n\n\n<p><strong>Nuova Abarth 600e<\/strong> introduce una <strong>motorizzazione completamente elettrica<\/strong>, progettata per offrire prestazioni straordinarie e un\u2019accelerazione fulminea. Grazie alla coppia istantanea e alle avanzate tecnologie di gestione dell\u2019energia, la guida \u00e8 fluida, reattiva e sempre entusiasmante. \u00c8 l\u2019auto ideale per chi cerca il massimo del divertimento al volante, senza rinunciare alla sostenibilit\u00e0 e al rispetto per l\u2019ambiente.<\/p>\n\n\n\n<h2 class=\"wp-block-heading\">Gruppo Ghedini \u00e8 la tua concessionaria ufficiale Abarth a Bologna e Ferrara<\/h2>\n\n\n\n<p>Vieni a trovarci in concessionaria da\u00a0<strong>Gruppo Ghedini a Bologna e Ferrara<\/strong>\u00a0e scopri\u00a0nuova <strong>Abarth 600e<\/strong>.<br>Rivolgiti a\u00a0<strong>Gruppo Ghedini\u00a0<\/strong>per ottenere finanziamenti personalizzati, tassi di interesse agevolati e servizi di assistenza e manutenzione effettuati da professionisti competenti.<br>Scopri tutti i modelli della gamma Abarth nella\u00a0<strong>concessionaria ufficiale Abarth Gruppo Ghedini a Bologna e Ferrara<\/strong>.<\/p>\n\n\n\n<figure class=\"wp-block-gallery has-nested-images columns-2 is-cropped wp-block-gallery-1 is-layout-flex wp-block-gallery-is-layout-flex\">\n<figure class=\"wp-block-image size-large\"><a href=\"https:\/\/www.gruppoghedini.it\/abarth\/wp-content\/uploads\/sites\/6\/2025\/01\/abarth-600e-gallery-3.jpg\"><img fetchpriority=\"high\" decoding=\"async\" width=\"894\" height=\"504\" data-id=\"9288\" src=\"https:\/\/www.gruppoghedini.it\/abarth\/wp-content\/uploads\/sites\/6\/2025\/01\/abarth-600e-gallery-3.jpg\" alt=\"Abarth 600e a Bologna e Ferrara\" class=\"wp-image-9288\" title=\"\" srcset=\"https:\/\/www.gruppoghedini.it\/abarth\/wp-content\/uploads\/sites\/6\/2025\/01\/abarth-600e-gallery-3.jpg 894w, https:\/\/www.gruppoghedini.it\/abarth\/wp-content\/uploads\/sites\/6\/2025\/01\/abarth-600e-gallery-3-768x433.jpg 768w, https:\/\/www.gruppoghedini.it\/abarth\/wp-content\/uploads\/sites\/6\/2025\/01\/abarth-600e-gallery-3-700x395.jpg 700w, https:\/\/www.gruppoghedini.it\/abarth\/wp-content\/uploads\/sites\/6\/2025\/01\/abarth-600e-gallery-3-250x141.jpg 250w\" sizes=\"(max-width: 894px) 100vw, 894px\" \/><\/a><\/figure>\n\n\n\n<figure class=\"wp-block-image size-large\"><a href=\"https:\/\/www.gruppoghedini.it\/abarth\/wp-content\/uploads\/sites\/6\/2025\/01\/abarth-600e-gallery2.jpg\"><img decoding=\"async\" width=\"894\" height=\"504\" data-id=\"9290\" src=\"https:\/\/www.gruppoghedini.it\/abarth\/wp-content\/uploads\/sites\/6\/2025\/01\/abarth-600e-gallery2.jpg\" alt=\"Abarth 600e a Bologna e Ferrara\" class=\"wp-image-9290\" title=\"\" srcset=\"https:\/\/www.gruppoghedini.it\/abarth\/wp-content\/uploads\/sites\/6\/2025\/01\/abarth-600e-gallery2.jpg 894w, https:\/\/www.gruppoghedini.it\/abarth\/wp-content\/uploads\/sites\/6\/2025\/01\/abarth-600e-gallery2-768x433.jpg 768w, https:\/\/www.gruppoghedini.it\/abarth\/wp-content\/uploads\/sites\/6\/2025\/01\/abarth-600e-gallery2-700x395.jpg 700w, https:\/\/www.gruppoghedini.it\/abarth\/wp-content\/uploads\/sites\/6\/2025\/01\/abarth-600e-gallery2-250x141.jpg 250w\" sizes=\"(max-width: 894px) 100vw, 894px\" \/><\/a><\/figure>\n\n\n\n<figure class=\"wp-block-image size-large\"><a href=\"https:\/\/www.gruppoghedini.it\/abarth\/wp-content\/uploads\/sites\/6\/2025\/01\/abarth-600e-gallery-1.jpg\"><img decoding=\"async\" width=\"894\" height=\"504\" data-id=\"9289\" src=\"https:\/\/www.gruppoghedini.it\/abarth\/wp-content\/uploads\/sites\/6\/2025\/01\/abarth-600e-gallery-1.jpg\" alt=\"Abarth 600e a Bologna e Ferrara\" class=\"wp-image-9289\" title=\"\" srcset=\"https:\/\/www.gruppoghedini.it\/abarth\/wp-content\/uploads\/sites\/6\/2025\/01\/abarth-600e-gallery-1.jpg 894w, https:\/\/www.gruppoghedini.it\/abarth\/wp-content\/uploads\/sites\/6\/2025\/01\/abarth-600e-gallery-1-768x433.jpg 768w, https:\/\/www.gruppoghedini.it\/abarth\/wp-content\/uploads\/sites\/6\/2025\/01\/abarth-600e-gallery-1-700x395.jpg 700w, https:\/\/www.gruppoghedini.it\/abarth\/wp-content\/uploads\/sites\/6\/2025\/01\/abarth-600e-gallery-1-250x141.jpg 250w\" sizes=\"(max-width: 894px) 100vw, 894px\" \/><\/a><\/figure>\n<\/figure>\n","protected":false},"excerpt":{"rendered":"<p>Abarth 600e a Bologna e Ferrara<\/p>\n","protected":false},"featured_media":9293,"parent":0,"menu_order":2,"template":"","veicoli_categoria":[],"veicoli_tipologia":[5],"veicoli_cambio":[],"veicoli_carrozzeria":[],"veicoli_tag":[],"veicoli_promozioni":[],"veicoli_alimentazione":[4],"veicoli_sede":[],"veicoli_modello":[2,25],"class_list":["post-9274","veicoli","type-veicoli","status-publish","has-post-thumbnail","hentry","veicoli_tipologia-nuovo","veicoli_alimentazione-elettrico","veicoli_modello-abarth","veicoli_modello-25"],"acf":[],"_links":{"self":[{"href":"https:\/\/www.gruppoghedini.it\/abarth\/wp-json\/wp\/v2\/veicoli\/9274","targetHints":{"allow":["GET"]}}],"collection":[{"href":"https:\/\/www.gruppoghedini.it\/abarth\/wp-json\/wp\/v2\/veicoli"}],"about":[{"href":"https:\/\/www.gruppoghedini.it\/abarth\/wp-json\/wp\/v2\/types\/veicoli"}],"wp:featuredmedia":[{"embeddable":true,"href":"https:\/\/www.gruppoghedini.it\/abarth\/wp-json\/wp\/v2\/media\/9293"}],"wp:attachment":[{"href":"https:\/\/www.gruppoghedini.it\/abarth\/wp-json\/wp\/v2\/media?parent=9274"}],"wp:term":[{"taxonomy":"veicoli_categoria","embeddable":true,"href":"https:\/\/www.gruppoghedini.it\/abarth\/wp-json\/wp\/v2\/veicoli_categoria?post=9274"},{"taxonomy":"veicoli_tipologia","embeddable":true,"href":"https:\/\/www.gruppoghedini.it\/abarth\/wp-json\/wp\/v2\/veicoli_tipologia?post=9274"},{"taxonomy":"veicoli_cambio","embeddable":true,"href":"https:\/\/www.gruppoghedini.it\/abarth\/wp-json\/wp\/v2\/veicoli_cambio?post=9274"},{"taxonomy":"veicoli_carrozzeria","embeddable":true,"href":"https:\/\/www.gruppoghedini.it\/abarth\/wp-json\/wp\/v2\/veicoli_carrozzeria?post=9274"},{"taxonomy":"veicoli_tag","embeddable":true,"href":"https:\/\/www.gruppoghedini.it\/abarth\/wp-json\/wp\/v2\/veicoli_tag?post=9274"},{"taxonomy":"veicoli_promozioni","embeddable":true,"href":"https:\/\/www.gruppoghedini.it\/abarth\/wp-json\/wp\/v2\/veicoli_promozioni?post=9274"},{"taxonomy":"veicoli_alimentazione","embeddable":true,"href":"https:\/\/www.gruppoghedini.it\/abarth\/wp-json\/wp\/v2\/veicoli_alimentazione?post=9274"},{"taxonomy":"veicoli_sede","embeddable":true,"href":"https:\/\/www.gruppoghedini.it\/abarth\/wp-json\/wp\/v2\/veicoli_sede?post=9274"},{"taxonomy":"veicoli_modello","embeddable":true,"href":"https:\/\/www.gruppoghedini.it\/abarth\/wp-json\/wp\/v2\/veicoli_modello?post=9274"}],"curies":[{"name":"wp","href":"https:\/\/api.w.org\/{rel}","templated":true}]}}

<p><strong>Nuova Abarth 600e</strong> è molto più di un&#8217;auto: è un concentrato di adrenalina, innovazione e puro divertimento. Un SUV compatto dall’anima sportiva, che unisce prestazioni mozzafiato alla tecnologia più avanzata, regalando un’esperienza di guida unica. Ogni curva, accelerazione e dettaglio è pensato per <em>trasmettere energia e passione</em>. Scegli Abarth 600e per vivere emozioni autentiche, che si riflettono perfettamente nello spirito di chi non scende a compromessi.</p>



<h2 class="wp-block-heading">Design dinamico e interni di classe di Abarth 600e</h2>



<p><strong>Abarth 600e</strong> si distingue subito per il suo <strong>design grintoso</strong> e audace, caratterizzato da linee muscolose e dettagli unici che esprimono potenza e stile inconfondibili. Gli interni sono un perfetto connubio tra comfort e sportività, con materiali premium come Alcantara e dettagli ergonomici che avvolgono guidatore e passeggeri in un ambiente curato e tecnologico. Grazie a un sistema di infotainment di ultima generazione e a una strumentazione digitale, ogni viaggio diventa un’esperienza coinvolgente e all’avanguardia.</p>



<h2 class="wp-block-heading">Potenza elettrica e innovazione senza limiti</h2>



<p><strong>Nuova Abarth 600e</strong> introduce una <strong>motorizzazione completamente elettrica</strong>, progettata per offrire prestazioni straordinarie e un’accelerazione fulminea. Grazie alla coppia istantanea e alle avanzate tecnologie di gestione dell’energia, la guida è fluida, reattiva e sempre entusiasmante. È l’auto ideale per chi cerca il massimo del divertimento al volante, senza rinunciare alla sostenibilità e al rispetto per l’ambiente.</p>



<h2 class="wp-block-heading">Gruppo Ghedini è la tua concessionaria ufficiale Abarth a Bologna e Ferrara</h2>



<p>Vieni a trovarci in concessionaria da <strong>Gruppo Ghedini a Bologna e Ferrara</strong> e scopri nuova <strong>Abarth 600e</strong>.<br>Rivolgiti a <strong>Gruppo Ghedini </strong>per ottenere finanziamenti personalizzati, tassi di interesse agevolati e servizi di assistenza e manutenzione effettuati da professionisti competenti.<br>Scopri tutti i modelli della gamma Abarth nella <strong>concessionaria ufficiale Abarth Gruppo Ghedini a Bologna e Ferrara</strong>.</p>



<figure class="wp-block-gallery has-nested-images columns-2 is-cropped wp-block-gallery-1 is-layout-flex wp-block-gallery-is-layout-flex">
<figure class="wp-block-image size-large"><a href="https://www.gruppoghedini.it/abarth/wp-content/uploads/sites/6/2025/01/abarth-600e-gallery-3.jpg"><img fetchpriority="high" decoding="async" width="894" height="504" data-id="9288" src="https://www.gruppoghedini.it/abarth/wp-content/uploads/sites/6/2025/01/abarth-600e-gallery-3.jpg" alt="Abarth 600e a Bologna e Ferrara" class="wp-image-9288" title="" srcset="https://www.gruppoghedini.it/abarth/wp-content/uploads/sites/6/2025/01/abarth-600e-gallery-3.jpg 894w, https://www.gruppoghedini.it/abarth/wp-content/uploads/sites/6/2025/01/abarth-600e-gallery-3-768x433.jpg 768w, https://www.gruppoghedini.it/abarth/wp-content/uploads/sites/6/2025/01/abarth-600e-gallery-3-700x395.jpg 700w, https://www.gruppoghedini.it/abarth/wp-content/uploads/sites/6/2025/01/abarth-600e-gallery-3-250x141.jpg 250w" sizes="(max-width: 894px) 100vw, 894px" /></a></figure>



<figure class="wp-block-image size-large"><a href="https://www.gruppoghedini.it/abarth/wp-content/uploads/sites/6/2025/01/abarth-600e-gallery2.jpg"><img decoding="async" width="894" height="504" data-id="9290" src="https://www.gruppoghedini.it/abarth/wp-content/uploads/sites/6/2025/01/abarth-600e-gallery2.jpg" alt="Abarth 600e a Bologna e Ferrara" class="wp-image-9290" title="" srcset="https://www.gruppoghedini.it/abarth/wp-content/uploads/sites/6/2025/01/abarth-600e-gallery2.jpg 894w, https://www.gruppoghedini.it/abarth/wp-content/uploads/sites/6/2025/01/abarth-600e-gallery2-768x433.jpg 768w, https://www.gruppoghedini.it/abarth/wp-content/uploads/sites/6/2025/01/abarth-600e-gallery2-700x395.jpg 700w, https://www.gruppoghedini.it/abarth/wp-content/uploads/sites/6/2025/01/abarth-600e-gallery2-250x141.jpg 250w" sizes="(max-width: 894px) 100vw, 894px" /></a></figure>



<figure class="wp-block-image size-large"><a href="https://www.gruppoghedini.it/abarth/wp-content/uploads/sites/6/2025/01/abarth-600e-gallery-1.jpg"><img decoding="async" width="894" height="504" data-id="9289" src="https://www.gruppoghedini.it/abarth/wp-content/uploads/sites/6/2025/01/abarth-600e-gallery-1.jpg" alt="Abarth 600e a Bologna e Ferrara" class="wp-image-9289" title="" srcset="https://www.gruppoghedini.it/abarth/wp-content/uploads/sites/6/2025/01/abarth-600e-gallery-1.jpg 894w, https://www.gruppoghedini.it/abarth/wp-content/uploads/sites/6/2025/01/abarth-600e-gallery-1-768x433.jpg 768w, https://www.gruppoghedini.it/abarth/wp-content/uploads/sites/6/2025/01/abarth-600e-gallery-1-700x395.jpg 700w, https://www.gruppoghedini.it/abarth/wp-content/uploads/sites/6/2025/01/abarth-600e-gallery-1-250x141.jpg 250w" sizes="(max-width: 894px) 100vw, 894px" /></a></figure>
</figure>
