{"id":3337,"date":"2024-07-17T12:39:10","date_gmt":"2024-07-17T10:39:10","guid":{"rendered":"https:\/\/www.gruppoghedini.it\/noleggio\/?page_id=3337"},"modified":"2024-07-17T12:40:10","modified_gmt":"2024-07-17T10:40:10","slug":"cose-il-noleggio-a-lungo-termine","status":"publish","type":"page","link":"https:\/\/www.gruppoghedini.it\/noleggio\/faq-noleggio-auto\/cose-il-noleggio-a-lungo-termine\/","title":{"rendered":"Cos\u2019\u00e8 il noleggio a lungo termine?"},"content":{"rendered":"\n<p>Il <strong>noleggio a lungo termine<\/strong> \u00e8 una soluzione di mobilit\u00e0 sempre pi\u00f9 popolare che permette di utilizzare un veicolo per un periodo esteso, generalmente compreso tra uno e cinque anni, senza doverlo acquistare. Questa formula offre la possibilit\u00e0 di scegliere tra una vasta gamma di veicoli, <strong>dalle city car ai SUV<\/strong>, pagando un <strong>canone mensile fisso <\/strong>che include non solo l&#8217;utilizzo dell&#8217;auto, ma anche una serie di servizi accessori come l&#8217;assicurazione, la manutenzione ordinaria e straordinaria, l&#8217;assistenza stradale e la gestione delle pratiche burocratiche. Questo significa che chi opta per il noleggio a lungo termine non deve preoccuparsi delle spese impreviste legate alla gestione del veicolo, ottenendo cos\u00ec una maggiore tranquillit\u00e0 e prevedibilit\u00e0 dei costi.<\/p>\n","protected":false},"excerpt":{"rendered":"<p>Il noleggio a lungo termine \u00e8 una soluzione di mobilit\u00e0 sempre pi\u00f9 popolare che permette di utilizzare un veicolo per<\/p>\n","protected":false},"author":1,"featured_media":0,"parent":7,"menu_order":0,"comment_status":"closed","ping_status":"closed","template":"","meta":{"_acf_changed":false,"footnotes":""},"class_list":["post-3337","page","type-page","status-publish","hentry"],"acf":[],"_links":{"self":[{"href":"https:\/\/www.gruppoghedini.it\/noleggio\/wp-json\/wp\/v2\/pages\/3337","targetHints":{"allow":["GET"]}}],"collection":[{"href":"https:\/\/www.gruppoghedini.it\/noleggio\/wp-json\/wp\/v2\/pages"}],"about":[{"href":"https:\/\/www.gruppoghedini.it\/noleggio\/wp-json\/wp\/v2\/types\/page"}],"author":[{"embeddable":true,"href":"https:\/\/www.gruppoghedini.it\/noleggio\/wp-json\/wp\/v2\/users\/1"}],"replies":[{"embeddable":true,"href":"https:\/\/www.gruppoghedini.it\/noleggio\/wp-json\/wp\/v2\/comments?post=3337"}],"version-history":[{"count":1,"href":"https:\/\/www.gruppoghedini.it\/noleggio\/wp-json\/wp\/v2\/pages\/3337\/revisions"}],"predecessor-version":[{"id":3338,"href":"https:\/\/www.gruppoghedini.it\/noleggio\/wp-json\/wp\/v2\/pages\/3337\/revisions\/3338"}],"up":[{"embeddable":true,"href":"https:\/\/www.gruppoghedini.it\/noleggio\/wp-json\/wp\/v2\/pages\/7"}],"wp:attachment":[{"href":"https:\/\/www.gruppoghedini.it\/noleggio\/wp-json\/wp\/v2\/media?parent=3337"}],"curies":[{"name":"wp","href":"https:\/\/api.w.org\/{rel}","templated":true}]}}

Cos’è il noleggio a lungo termine?

<p>Il <strong>noleggio a lungo termine</strong> è una soluzione di mobilità sempre più popolare che permette di utilizzare un veicolo per un periodo esteso, generalmente compreso tra uno e cinque anni, senza doverlo acquistare. Questa formula offre la possibilità di scegliere tra una vasta gamma di veicoli, <strong>dalle city car ai SUV</strong>, pagando un <strong>canone mensile fisso </strong>che include non solo l&#8217;utilizzo dell&#8217;auto, ma anche una serie di servizi accessori come l&#8217;assicurazione, la manutenzione ordinaria e straordinaria, l&#8217;assistenza stradale e la gestione delle pratiche burocratiche. Questo significa che chi opta per il noleggio a lungo termine non deve preoccuparsi delle spese impreviste legate alla gestione del veicolo, ottenendo così una maggiore tranquillità e prevedibilità dei costi.</p>

<p>Il noleggio a lungo termine è una soluzione di mobilità sempre più popolare che permette di utilizzare un veicolo per</p>
