{"id":92,"date":"2026-02-01T02:32:44","date_gmt":"2024-07-17T13:24:39","guid":{"rendered":"https:\/\/www.gruppoghedini.it\/peugeot\/?post_type=veicoli&#038;p=92"},"modified":"2026-02-01T04:32:44","modified_gmt":"2026-02-01T03:32:44","slug":"peugeot-2008","status":"publish","type":"veicoli","link":"https:\/\/www.gruppoghedini.it\/peugeot\/veicoli\/peugeot-2008\/","title":{"rendered":"Peugeot 2008 a Bologna"},"content":{"rendered":"\n<p>Il <strong>nuovo SUV Peugeot 2008<\/strong>, disponibile da <strong>Gruppo Ghedini a Bologna<\/strong>, rappresenta una perfetta combinazione di eleganza e robustezza. Con il suo design rinnovato, caratterizzato da fari anteriori e posteriori ridisegnati, e una nuova griglia frontale pi\u00f9 ampia, questo SUV compatto si distingue per la sua personalit\u00e0 decisa. A seconda del modello, potrai scegliere tra una <strong>motorizzazione ibrida, a benzina, o 100% elettrica<\/strong>, tutte in grado di offrire un&#8217;esperienza di guida dinamica e coinvolgente.<\/p>\n\n\n\n<h2 class=\"wp-block-heading\">Motorizzazioni: efficienza e potenza a confronto<\/h2>\n\n\n\n<p><strong>Peugeot 2008<\/strong> \u00e8 disponibile con <strong>motori ibridi ed elettrici <\/strong>di ultima generazione, che combinano un motore termico con un&#8217;unit\u00e0 elettrica per garantire massima efficienza e riduzione delle emissioni. Se preferisci un motore a <strong>benzina<\/strong>, potrai optare per un motore performante che assicura potenza e reattivit\u00e0 in ogni situazione. Entrambe le opzioni sono pensate per soddisfare le esigenze di chi cerca un SUV agile, potente e rispettoso dell&#8217;ambiente.<\/p>\n\n\n\n<h2 class=\"wp-block-heading\">Strumentazione digitale di Peugeot 2008<\/h2>\n\n\n\n<p><strong>Peugeot 2008<\/strong> \u00e8 dotato delle pi\u00f9 recenti tecnologie per migliorare l&#8217;esperienza di guida. Al centro di tutto c&#8217;\u00e8 il <strong>Peugeot i-Cockpit\u00ae<\/strong> di ultima generazione, con un volante compatto, quadro strumenti digitale olografico 3D e il touch screen HD disponibile negli allestimenti Allure e GT. Inoltre, il sistema di guida assistita avanzato ti offre sicurezza e tranquillit\u00e0 in ogni percorso, grazie ai numerosi ausili alla guida integrati.<\/p>\n\n\n\n<h2 class=\"wp-block-heading\">Gruppo Ghedini \u00e8 la tua concessionaria ufficiale Peugeot a Bologna<\/h2>\n\n\n\n<p>Vieni a trovarci in concessionaria da&nbsp;<strong>Gruppo Ghedini a Bologna<\/strong>&nbsp;e scopri&nbsp;<strong>Peugeot 2008<\/strong>.<br>Rivolgiti a&nbsp;<strong>Gruppo Ghedini&nbsp;<\/strong>per ottenere finanziamenti personalizzati, tassi di interesse agevolati e servizi di assistenza e manutenzione effettuati da professionisti competenti.<br>Scopri tutti i modelli della gamma Peugeot nella&nbsp;<strong>concessionaria ufficiale Peugeot Gruppo Ghedini a Bologna<\/strong>.<\/p>\n\n\n\n<figure class=\"wp-block-gallery has-nested-images columns-default is-cropped wp-block-gallery-1 is-layout-flex wp-block-gallery-is-layout-flex\">\n<figure class=\"wp-block-image size-large\"><a href=\"https:\/\/www.gruppoghedini.it\/peugeot\/wp-content\/uploads\/sites\/14\/2024\/07\/peugeot-2008-bologna-gallery-3.jpg\"><img fetchpriority=\"high\" decoding=\"async\" width=\"632\" height=\"632\" data-id=\"9248\" src=\"https:\/\/www.gruppoghedini.it\/peugeot\/wp-content\/uploads\/sites\/14\/2024\/07\/peugeot-2008-bologna-gallery-3.jpg\" alt=\"Peugeot 2008 a Bologna\" class=\"wp-image-9248\" title=\"\" srcset=\"https:\/\/www.gruppoghedini.it\/peugeot\/wp-content\/uploads\/sites\/14\/2024\/07\/peugeot-2008-bologna-gallery-3.jpg 632w, https:\/\/www.gruppoghedini.it\/peugeot\/wp-content\/uploads\/sites\/14\/2024\/07\/peugeot-2008-bologna-gallery-3-150x150.jpg 150w, https:\/\/www.gruppoghedini.it\/peugeot\/wp-content\/uploads\/sites\/14\/2024\/07\/peugeot-2008-bologna-gallery-3-250x250.jpg 250w, https:\/\/www.gruppoghedini.it\/peugeot\/wp-content\/uploads\/sites\/14\/2024\/07\/peugeot-2008-bologna-gallery-3-600x600.jpg 600w\" sizes=\"(max-width: 632px) 100vw, 632px\" \/><\/a><\/figure>\n\n\n\n<figure class=\"wp-block-image size-large\"><a href=\"https:\/\/www.gruppoghedini.it\/peugeot\/wp-content\/uploads\/sites\/14\/2024\/07\/peugeot-2008-bologna-gallery-2.jpg\"><img decoding=\"async\" width=\"632\" height=\"632\" data-id=\"9246\" src=\"https:\/\/www.gruppoghedini.it\/peugeot\/wp-content\/uploads\/sites\/14\/2024\/07\/peugeot-2008-bologna-gallery-2.jpg\" alt=\"Peugeot 2008 a Bologna\" class=\"wp-image-9246\" title=\"\" srcset=\"https:\/\/www.gruppoghedini.it\/peugeot\/wp-content\/uploads\/sites\/14\/2024\/07\/peugeot-2008-bologna-gallery-2.jpg 632w, https:\/\/www.gruppoghedini.it\/peugeot\/wp-content\/uploads\/sites\/14\/2024\/07\/peugeot-2008-bologna-gallery-2-150x150.jpg 150w, https:\/\/www.gruppoghedini.it\/peugeot\/wp-content\/uploads\/sites\/14\/2024\/07\/peugeot-2008-bologna-gallery-2-250x250.jpg 250w, https:\/\/www.gruppoghedini.it\/peugeot\/wp-content\/uploads\/sites\/14\/2024\/07\/peugeot-2008-bologna-gallery-2-600x600.jpg 600w\" sizes=\"(max-width: 632px) 100vw, 632px\" \/><\/a><\/figure>\n\n\n\n<figure class=\"wp-block-image size-large\"><a href=\"https:\/\/www.gruppoghedini.it\/peugeot\/wp-content\/uploads\/sites\/14\/2024\/07\/peugeot-2008-bologna-gallery-1.jpg\"><img decoding=\"async\" width=\"632\" height=\"632\" data-id=\"9247\" src=\"https:\/\/www.gruppoghedini.it\/peugeot\/wp-content\/uploads\/sites\/14\/2024\/07\/peugeot-2008-bologna-gallery-1.jpg\" alt=\"Peugeot 2008 a Bologna\" class=\"wp-image-9247\" title=\"\" srcset=\"https:\/\/www.gruppoghedini.it\/peugeot\/wp-content\/uploads\/sites\/14\/2024\/07\/peugeot-2008-bologna-gallery-1.jpg 632w, https:\/\/www.gruppoghedini.it\/peugeot\/wp-content\/uploads\/sites\/14\/2024\/07\/peugeot-2008-bologna-gallery-1-150x150.jpg 150w, https:\/\/www.gruppoghedini.it\/peugeot\/wp-content\/uploads\/sites\/14\/2024\/07\/peugeot-2008-bologna-gallery-1-250x250.jpg 250w, https:\/\/www.gruppoghedini.it\/peugeot\/wp-content\/uploads\/sites\/14\/2024\/07\/peugeot-2008-bologna-gallery-1-600x600.jpg 600w\" sizes=\"(max-width: 632px) 100vw, 632px\" \/><\/a><\/figure>\n<\/figure>\n","protected":false},"excerpt":{"rendered":"<p>Nuova Peugeot 2008 a Bologna<\/p>\n","protected":false},"featured_media":9243,"parent":0,"menu_order":12,"template":"","veicoli_categoria":[],"veicoli_tipologia":[7],"veicoli_cambio":[],"veicoli_carrozzeria":[],"veicoli_tag":[],"veicoli_promozioni":[],"veicoli_alimentazione":[4,6,5],"veicoli_sede":[],"veicoli_modello":[2,25],"class_list":["post-92","veicoli","type-veicoli","status-publish","has-post-thumbnail","hentry","veicoli_tipologia-nuovo","veicoli_alimentazione-benzina","veicoli_alimentazione-elettrico","veicoli_alimentazione-ibrida","veicoli_modello-peugeot","veicoli_modello-25"],"acf":[],"_links":{"self":[{"href":"https:\/\/www.gruppoghedini.it\/peugeot\/wp-json\/wp\/v2\/veicoli\/92","targetHints":{"allow":["GET"]}}],"collection":[{"href":"https:\/\/www.gruppoghedini.it\/peugeot\/wp-json\/wp\/v2\/veicoli"}],"about":[{"href":"https:\/\/www.gruppoghedini.it\/peugeot\/wp-json\/wp\/v2\/types\/veicoli"}],"wp:featuredmedia":[{"embeddable":true,"href":"https:\/\/www.gruppoghedini.it\/peugeot\/wp-json\/wp\/v2\/media\/9243"}],"wp:attachment":[{"href":"https:\/\/www.gruppoghedini.it\/peugeot\/wp-json\/wp\/v2\/media?parent=92"}],"wp:term":[{"taxonomy":"veicoli_categoria","embeddable":true,"href":"https:\/\/www.gruppoghedini.it\/peugeot\/wp-json\/wp\/v2\/veicoli_categoria?post=92"},{"taxonomy":"veicoli_tipologia","embeddable":true,"href":"https:\/\/www.gruppoghedini.it\/peugeot\/wp-json\/wp\/v2\/veicoli_tipologia?post=92"},{"taxonomy":"veicoli_cambio","embeddable":true,"href":"https:\/\/www.gruppoghedini.it\/peugeot\/wp-json\/wp\/v2\/veicoli_cambio?post=92"},{"taxonomy":"veicoli_carrozzeria","embeddable":true,"href":"https:\/\/www.gruppoghedini.it\/peugeot\/wp-json\/wp\/v2\/veicoli_carrozzeria?post=92"},{"taxonomy":"veicoli_tag","embeddable":true,"href":"https:\/\/www.gruppoghedini.it\/peugeot\/wp-json\/wp\/v2\/veicoli_tag?post=92"},{"taxonomy":"veicoli_promozioni","embeddable":true,"href":"https:\/\/www.gruppoghedini.it\/peugeot\/wp-json\/wp\/v2\/veicoli_promozioni?post=92"},{"taxonomy":"veicoli_alimentazione","embeddable":true,"href":"https:\/\/www.gruppoghedini.it\/peugeot\/wp-json\/wp\/v2\/veicoli_alimentazione?post=92"},{"taxonomy":"veicoli_sede","embeddable":true,"href":"https:\/\/www.gruppoghedini.it\/peugeot\/wp-json\/wp\/v2\/veicoli_sede?post=92"},{"taxonomy":"veicoli_modello","embeddable":true,"href":"https:\/\/www.gruppoghedini.it\/peugeot\/wp-json\/wp\/v2\/veicoli_modello?post=92"}],"curies":[{"name":"wp","href":"https:\/\/api.w.org\/{rel}","templated":true}]}}

<p>Il <strong>nuovo SUV Peugeot 2008</strong>, disponibile da <strong>Gruppo Ghedini a Bologna</strong>, rappresenta una perfetta combinazione di eleganza e robustezza. Con il suo design rinnovato, caratterizzato da fari anteriori e posteriori ridisegnati, e una nuova griglia frontale più ampia, questo SUV compatto si distingue per la sua personalità decisa. A seconda del modello, potrai scegliere tra una <strong>motorizzazione ibrida, a benzina, o 100% elettrica</strong>, tutte in grado di offrire un&#8217;esperienza di guida dinamica e coinvolgente.</p>



<h2 class="wp-block-heading">Motorizzazioni: efficienza e potenza a confronto</h2>



<p><strong>Peugeot 2008</strong> è disponibile con <strong>motori ibridi ed elettrici </strong>di ultima generazione, che combinano un motore termico con un&#8217;unità elettrica per garantire massima efficienza e riduzione delle emissioni. Se preferisci un motore a <strong>benzina</strong>, potrai optare per un motore performante che assicura potenza e reattività in ogni situazione. Entrambe le opzioni sono pensate per soddisfare le esigenze di chi cerca un SUV agile, potente e rispettoso dell&#8217;ambiente.</p>



<h2 class="wp-block-heading">Strumentazione digitale di Peugeot 2008</h2>



<p><strong>Peugeot 2008</strong> è dotato delle più recenti tecnologie per migliorare l&#8217;esperienza di guida. Al centro di tutto c&#8217;è il <strong>Peugeot i-Cockpit®</strong> di ultima generazione, con un volante compatto, quadro strumenti digitale olografico 3D e il touch screen HD disponibile negli allestimenti Allure e GT. Inoltre, il sistema di guida assistita avanzato ti offre sicurezza e tranquillità in ogni percorso, grazie ai numerosi ausili alla guida integrati.</p>



<h2 class="wp-block-heading">Gruppo Ghedini è la tua concessionaria ufficiale Peugeot a Bologna</h2>



<p>Vieni a trovarci in concessionaria da&nbsp;<strong>Gruppo Ghedini a Bologna</strong>&nbsp;e scopri&nbsp;<strong>Peugeot 2008</strong>.<br>Rivolgiti a&nbsp;<strong>Gruppo Ghedini&nbsp;</strong>per ottenere finanziamenti personalizzati, tassi di interesse agevolati e servizi di assistenza e manutenzione effettuati da professionisti competenti.<br>Scopri tutti i modelli della gamma Peugeot nella&nbsp;<strong>concessionaria ufficiale Peugeot Gruppo Ghedini a Bologna</strong>.</p>



<figure class="wp-block-gallery has-nested-images columns-default is-cropped wp-block-gallery-1 is-layout-flex wp-block-gallery-is-layout-flex">
<figure class="wp-block-image size-large"><a href="https://www.gruppoghedini.it/peugeot/wp-content/uploads/sites/14/2024/07/peugeot-2008-bologna-gallery-3.jpg"><img fetchpriority="high" decoding="async" width="632" height="632" data-id="9248" src="https://www.gruppoghedini.it/peugeot/wp-content/uploads/sites/14/2024/07/peugeot-2008-bologna-gallery-3.jpg" alt="Peugeot 2008 a Bologna" class="wp-image-9248" title="" srcset="https://www.gruppoghedini.it/peugeot/wp-content/uploads/sites/14/2024/07/peugeot-2008-bologna-gallery-3.jpg 632w, https://www.gruppoghedini.it/peugeot/wp-content/uploads/sites/14/2024/07/peugeot-2008-bologna-gallery-3-150x150.jpg 150w, https://www.gruppoghedini.it/peugeot/wp-content/uploads/sites/14/2024/07/peugeot-2008-bologna-gallery-3-250x250.jpg 250w, https://www.gruppoghedini.it/peugeot/wp-content/uploads/sites/14/2024/07/peugeot-2008-bologna-gallery-3-600x600.jpg 600w" sizes="(max-width: 632px) 100vw, 632px" /></a></figure>



<figure class="wp-block-image size-large"><a href="https://www.gruppoghedini.it/peugeot/wp-content/uploads/sites/14/2024/07/peugeot-2008-bologna-gallery-2.jpg"><img decoding="async" width="632" height="632" data-id="9246" src="https://www.gruppoghedini.it/peugeot/wp-content/uploads/sites/14/2024/07/peugeot-2008-bologna-gallery-2.jpg" alt="Peugeot 2008 a Bologna" class="wp-image-9246" title="" srcset="https://www.gruppoghedini.it/peugeot/wp-content/uploads/sites/14/2024/07/peugeot-2008-bologna-gallery-2.jpg 632w, https://www.gruppoghedini.it/peugeot/wp-content/uploads/sites/14/2024/07/peugeot-2008-bologna-gallery-2-150x150.jpg 150w, https://www.gruppoghedini.it/peugeot/wp-content/uploads/sites/14/2024/07/peugeot-2008-bologna-gallery-2-250x250.jpg 250w, https://www.gruppoghedini.it/peugeot/wp-content/uploads/sites/14/2024/07/peugeot-2008-bologna-gallery-2-600x600.jpg 600w" sizes="(max-width: 632px) 100vw, 632px" /></a></figure>



<figure class="wp-block-image size-large"><a href="https://www.gruppoghedini.it/peugeot/wp-content/uploads/sites/14/2024/07/peugeot-2008-bologna-gallery-1.jpg"><img decoding="async" width="632" height="632" data-id="9247" src="https://www.gruppoghedini.it/peugeot/wp-content/uploads/sites/14/2024/07/peugeot-2008-bologna-gallery-1.jpg" alt="Peugeot 2008 a Bologna" class="wp-image-9247" title="" srcset="https://www.gruppoghedini.it/peugeot/wp-content/uploads/sites/14/2024/07/peugeot-2008-bologna-gallery-1.jpg 632w, https://www.gruppoghedini.it/peugeot/wp-content/uploads/sites/14/2024/07/peugeot-2008-bologna-gallery-1-150x150.jpg 150w, https://www.gruppoghedini.it/peugeot/wp-content/uploads/sites/14/2024/07/peugeot-2008-bologna-gallery-1-250x250.jpg 250w, https://www.gruppoghedini.it/peugeot/wp-content/uploads/sites/14/2024/07/peugeot-2008-bologna-gallery-1-600x600.jpg 600w" sizes="(max-width: 632px) 100vw, 632px" /></a></figure>
</figure>
