{"id":2458,"date":"2026-02-06T17:44:41","date_gmt":"2026-02-06T16:44:41","guid":{"rendered":"https:\/\/www.gruppoghedini.it\/promo\/?page_id=2458"},"modified":"2026-05-11T10:23:48","modified_gmt":"2026-05-11T08:23:48","slug":"jeep-compass","status":"publish","type":"page","link":"https:\/\/www.gruppoghedini.it\/promo\/jeep\/jeep-compass\/","title":{"rendered":"Jeep Compass"},"content":{"rendered":"\t\t<div data-elementor-type=\"wp-page\" data-elementor-id=\"2458\" class=\"elementor elementor-2458\" data-elementor-post-type=\"page\">\n\t\t\t\t<div class=\"elementor-element elementor-element-10e6695 e-flex e-con-boxed e-con e-parent\" data-id=\"10e6695\" data-element_type=\"container\" data-e-type=\"container\" data-settings=\"{&quot;background_background&quot;:&quot;classic&quot;}\">\n\t\t\t\t\t<div class=\"e-con-inner\">\n\t\t<div class=\"elementor-element elementor-element-be55ef6 e-con-full e-flex e-con e-child\" data-id=\"be55ef6\" data-element_type=\"container\" data-e-type=\"container\" data-settings=\"{&quot;background_background&quot;:&quot;classic&quot;}\">\n\t\t<div class=\"elementor-element elementor-element-66c1cff e-con-full e-flex e-con e-child\" data-id=\"66c1cff\" data-element_type=\"container\" data-e-type=\"container\" data-settings=\"{&quot;background_background&quot;:&quot;classic&quot;}\">\n\t\t\t\t<div class=\"elementor-element elementor-element-82cd814 elementor-widget elementor-widget-heading\" data-id=\"82cd814\" data-element_type=\"widget\" data-e-type=\"widget\" data-widget_type=\"heading.default\">\n\t\t\t\t<div class=\"elementor-widget-container\">\n\t\t\t\t\t<h3 class=\"elementor-heading-title elementor-size-default\">Nuova Jeep<\/h3>\t\t\t\t<\/div>\n\t\t\t\t<\/div>\n\t\t\t\t<div class=\"elementor-element elementor-element-67dd3a3 elementor-widget elementor-widget-heading\" data-id=\"67dd3a3\" data-element_type=\"widget\" data-e-type=\"widget\" data-widget_type=\"heading.default\">\n\t\t\t\t<div class=\"elementor-widget-container\">\n\t\t\t\t\t<h2 class=\"elementor-heading-title elementor-size-default\">Compass<\/h2>\t\t\t\t<\/div>\n\t\t\t\t<\/div>\n\t\t\t\t<div class=\"elementor-element elementor-element-4de49dd elementor-widget elementor-widget-heading\" data-id=\"4de49dd\" data-element_type=\"widget\" data-e-type=\"widget\" data-widget_type=\"heading.default\">\n\t\t\t\t<div class=\"elementor-widget-container\">\n\t\t\t\t\t<h4 class=\"elementor-heading-title elementor-size-default\">Altitude e-Hybrid Plug-In 145cv<\/h4>\t\t\t\t<\/div>\n\t\t\t\t<\/div>\n\t\t\t\t<div class=\"elementor-element elementor-element-72dbd4d elementor-widget elementor-widget-heading\" data-id=\"72dbd4d\" data-element_type=\"widget\" data-e-type=\"widget\" data-widget_type=\"heading.default\">\n\t\t\t\t<div class=\"elementor-widget-container\">\n\t\t\t\t\t<h5 class=\"elementor-heading-title elementor-size-default\"><small style=\"font-size:70%\">Prezzo <span style=\"text-decoration:line-through\">40.900\u20ac<\/span> <\/small><\/h5>\t\t\t\t<\/div>\n\t\t\t\t<\/div>\n\t\t\t\t<div class=\"elementor-element elementor-element-4c5625b elementor-headline--style-rotate elementor-widget elementor-widget-animated-headline\" data-id=\"4c5625b\" data-element_type=\"widget\" data-e-type=\"widget\" data-settings=\"{&quot;headline_style&quot;:&quot;rotate&quot;,&quot;animation_type&quot;:&quot;wave&quot;,&quot;rotating_text&quot;:&quot;35.900\\u20ac\\n35.900\\u20ac&quot;,&quot;loop&quot;:&quot;yes&quot;,&quot;rotate_iteration_delay&quot;:2500}\" data-widget_type=\"animated-headline.default\">\n\t\t\t\t<div class=\"elementor-widget-container\">\n\t\t\t\t\t\t\t<h2 class=\"elementor-headline elementor-headline-animation-type-wave elementor-headline-letters\">\n\t\t\t\t\t<span class=\"elementor-headline-plain-text elementor-headline-text-wrapper\"><span style=\"font-size:70%\">tua da <\/span><\/span>\n\t\t\t\t<span class=\"elementor-headline-dynamic-wrapper elementor-headline-text-wrapper\">\n\t\t\t\t\t<span class=\"elementor-headline-dynamic-text elementor-headline-text-active\">\n\t\t\t\t35.900\u20ac\t\t\t<\/span>\n\t\t\t\t\t<span class=\"elementor-headline-dynamic-text\">\n\t\t\t\t35.900\u20ac\t\t\t<\/span>\n\t\t\t\t\t\t<\/span>\n\t\t\t\t<\/h2>\n\t\t\t\t\t\t<\/div>\n\t\t\t\t<\/div>\n\t\t\t\t<div class=\"elementor-element elementor-element-f12903d elementor-widget elementor-widget-heading\" data-id=\"f12903d\" data-element_type=\"widget\" data-e-type=\"widget\" data-widget_type=\"heading.default\">\n\t\t\t\t<div class=\"elementor-widget-container\">\n\t\t\t\t\t<h3 class=\"elementor-heading-title elementor-size-default\">con 5.000\u20ac di supervalutazione del tuo usato, in caso di permuta.<\/h3>\t\t\t\t<\/div>\n\t\t\t\t<\/div>\n\t\t\t\t<div class=\"elementor-element elementor-element-7279ea0 elementor-widget elementor-widget-heading\" data-id=\"7279ea0\" data-element_type=\"widget\" data-e-type=\"widget\" data-widget_type=\"heading.default\">\n\t\t\t\t<div class=\"elementor-widget-container\">\n\t\t\t\t\t<div class=\"elementor-heading-title elementor-size-default\">TAN (fisso) 0%, TAEG 2,2% Immagini vettura indicative.<\/div>\t\t\t\t<\/div>\n\t\t\t\t<\/div>\n\t\t\t\t<\/div>\n\t\t\t\t<\/div>\n\t\t<div class=\"elementor-element elementor-element-42f557d e-flex e-con-boxed e-con e-child\" data-id=\"42f557d\" data-element_type=\"container\" data-e-type=\"container\">\n\t\t\t\t\t<div class=\"e-con-inner\">\n\t\t\t\t<div class=\"elementor-element elementor-element-0c13c17 elementor-hidden-desktop elementor-hidden-laptop elementor-widget elementor-widget-image\" data-id=\"0c13c17\" data-element_type=\"widget\" data-e-type=\"widget\" data-widget_type=\"image.default\">\n\t\t\t\t<div class=\"elementor-widget-container\">\n\t\t\t\t\t\t\t\t\t\t\t\t\t\t\t<img fetchpriority=\"high\" decoding=\"async\" width=\"1024\" height=\"683\" src=\"https:\/\/www.gruppoghedini.it\/promo\/wp-content\/uploads\/sites\/4\/2026\/02\/jeep-compass-promo-ghedini-1024x683.webp\" class=\"attachment-large size-large wp-image-2464\" alt=\"Jeep Compass e-Hybrid\" srcset=\"https:\/\/www.gruppoghedini.it\/promo\/wp-content\/uploads\/sites\/4\/2026\/02\/jeep-compass-promo-ghedini-1024x683.webp 1024w, https:\/\/www.gruppoghedini.it\/promo\/wp-content\/uploads\/sites\/4\/2026\/02\/jeep-compass-promo-ghedini-768x512.webp 768w, https:\/\/www.gruppoghedini.it\/promo\/wp-content\/uploads\/sites\/4\/2026\/02\/jeep-compass-promo-ghedini-700x467.webp 700w, https:\/\/www.gruppoghedini.it\/promo\/wp-content\/uploads\/sites\/4\/2026\/02\/jeep-compass-promo-ghedini-250x167.webp 250w, https:\/\/www.gruppoghedini.it\/promo\/wp-content\/uploads\/sites\/4\/2026\/02\/jeep-compass-promo-ghedini.webp 1200w\" sizes=\"(max-width: 1024px) 100vw, 1024px\" \/>\t\t\t\t\t\t\t\t\t\t\t\t\t\t\t<\/div>\n\t\t\t\t<\/div>\n\t\t\t\t<div class=\"elementor-element elementor-element-617d7a9 elementor-absolute e-transform elementor-widget elementor-widget-image\" data-id=\"617d7a9\" data-element_type=\"widget\" data-e-type=\"widget\" data-settings=\"{&quot;_position&quot;:&quot;absolute&quot;,&quot;_transform_rotateZ_effect&quot;:{&quot;unit&quot;:&quot;px&quot;,&quot;size&quot;:-5,&quot;sizes&quot;:[]},&quot;_transform_rotateZ_effect_laptop&quot;:{&quot;unit&quot;:&quot;deg&quot;,&quot;size&quot;:&quot;&quot;,&quot;sizes&quot;:[]},&quot;_transform_rotateZ_effect_tablet_extra&quot;:{&quot;unit&quot;:&quot;deg&quot;,&quot;size&quot;:&quot;&quot;,&quot;sizes&quot;:[]},&quot;_transform_rotateZ_effect_tablet&quot;:{&quot;unit&quot;:&quot;deg&quot;,&quot;size&quot;:&quot;&quot;,&quot;sizes&quot;:[]},&quot;_transform_rotateZ_effect_mobile_extra&quot;:{&quot;unit&quot;:&quot;deg&quot;,&quot;size&quot;:&quot;&quot;,&quot;sizes&quot;:[]},&quot;_transform_rotateZ_effect_mobile&quot;:{&quot;unit&quot;:&quot;deg&quot;,&quot;size&quot;:&quot;&quot;,&quot;sizes&quot;:[]}}\" data-widget_type=\"image.default\">\n\t\t\t\t<div class=\"elementor-widget-container\">\n\t\t\t\t\t\t\t\t\t\t\t\t\t\t\t<img decoding=\"async\" width=\"730\" height=\"300\" src=\"https:\/\/www.gruppoghedini.it\/promo\/wp-content\/uploads\/sites\/4\/2024\/08\/pronta-consegna-ghedini-rosso.png\" class=\"attachment-full size-full wp-image-668\" alt=\"\" srcset=\"https:\/\/www.gruppoghedini.it\/promo\/wp-content\/uploads\/sites\/4\/2024\/08\/pronta-consegna-ghedini-rosso.png 730w, https:\/\/www.gruppoghedini.it\/promo\/wp-content\/uploads\/sites\/4\/2024\/08\/pronta-consegna-ghedini-rosso-700x288.png 700w, https:\/\/www.gruppoghedini.it\/promo\/wp-content\/uploads\/sites\/4\/2024\/08\/pronta-consegna-ghedini-rosso-250x103.png 250w\" sizes=\"(max-width: 730px) 100vw, 730px\" \/>\t\t\t\t\t\t\t\t\t\t\t\t\t\t\t<\/div>\n\t\t\t\t<\/div>\n\t\t\t\t\t<\/div>\n\t\t\t\t<\/div>\n\t\t\t\t\t<\/div>\n\t\t\t\t<\/div>\n\t\t<div class=\"elementor-element elementor-element-e496551 e-flex e-con-boxed e-con e-parent\" data-id=\"e496551\" data-element_type=\"container\" data-e-type=\"container\">\n\t\t\t\t\t<div class=\"e-con-inner\">\n\t\t\t\t<div class=\"elementor-element elementor-element-9d27b4c elementor-widget elementor-widget-heading\" data-id=\"9d27b4c\" data-element_type=\"widget\" data-e-type=\"widget\" data-widget_type=\"heading.default\">\n\t\t\t\t<div class=\"elementor-widget-container\">\n\t\t\t\t\t<h1 class=\"elementor-heading-title elementor-size-default\">Nuova Jeep Compass e-Hybrid<\/h1>\t\t\t\t<\/div>\n\t\t\t\t<\/div>\n\t\t\t\t<div class=\"elementor-element elementor-element-ee6e862 elementor-widget elementor-widget-heading\" data-id=\"ee6e862\" data-element_type=\"widget\" data-e-type=\"widget\" data-widget_type=\"heading.default\">\n\t\t\t\t<div class=\"elementor-widget-container\">\n\t\t\t\t\t<h2 class=\"elementor-heading-title elementor-size-default\">Personalit\u00e0 e funzionalit\u00e0, nel puro DNA Jeep\u00ae \n<\/h2>\t\t\t\t<\/div>\n\t\t\t\t<\/div>\n\t\t\t\t\t<\/div>\n\t\t\t\t<\/div>\n\t\t<div class=\"elementor-element elementor-element-d0ca0b9 e-con-full e-flex e-con e-parent\" data-id=\"d0ca0b9\" data-element_type=\"container\" data-e-type=\"container\">\n\t\t<div class=\"elementor-element elementor-element-93fb55e e-con-full e-flex e-con e-child\" data-id=\"93fb55e\" data-element_type=\"container\" data-e-type=\"container\" data-settings=\"{&quot;background_background&quot;:&quot;classic&quot;}\">\n\t\t\t\t<div class=\"elementor-element elementor-element-9d1e0df elementor-widget elementor-widget-spacer\" data-id=\"9d1e0df\" data-element_type=\"widget\" data-e-type=\"widget\" data-widget_type=\"spacer.default\">\n\t\t\t\t<div class=\"elementor-widget-container\">\n\t\t\t\t\t\t\t<div class=\"elementor-spacer\">\n\t\t\t<div class=\"elementor-spacer-inner\"><\/div>\n\t\t<\/div>\n\t\t\t\t\t\t<\/div>\n\t\t\t\t<\/div>\n\t\t\t\t<\/div>\n\t\t<div class=\"elementor-element elementor-element-90af47a e-con-full e-flex e-con e-child\" data-id=\"90af47a\" data-element_type=\"container\" data-e-type=\"container\" data-settings=\"{&quot;background_background&quot;:&quot;classic&quot;}\">\n\t\t\t\t<div class=\"elementor-element elementor-element-42cdead elementor-widget elementor-widget-heading\" data-id=\"42cdead\" data-element_type=\"widget\" data-e-type=\"widget\" data-widget_type=\"heading.default\">\n\t\t\t\t<div class=\"elementor-widget-container\">\n\t\t\t\t\t<h3 class=\"elementor-heading-title elementor-size-default\">PURO DESIGN JEEP<\/h3>\t\t\t\t<\/div>\n\t\t\t\t<\/div>\n\t\t\t\t<div class=\"elementor-element elementor-element-68d2045 elementor-widget elementor-widget-heading\" data-id=\"68d2045\" data-element_type=\"widget\" data-e-type=\"widget\" data-widget_type=\"heading.default\">\n\t\t\t\t<div class=\"elementor-widget-container\">\n\t\t\t\t\t<p class=\"elementor-heading-title elementor-size-default\">L'approccio progettuale di Jeep \u00e8 un mix di stile contemporaneo e funzionalit\u00e0. Con un look audace, una forma iconica e architettonica, una griglia anteriore luminosa e la protezione a 360\u00b0, Nuova Jeep  Compass e-Hybrid \u00e8 un concentrato di design, durabilit\u00e0 e versatilit\u00e0.<\/p>\t\t\t\t<\/div>\n\t\t\t\t<\/div>\n\t\t\t\t<\/div>\n\t\t\t\t<\/div>\n\t\t<div class=\"elementor-element elementor-element-488a700 e-con-full e-flex e-con e-parent\" data-id=\"488a700\" data-element_type=\"container\" data-e-type=\"container\">\n\t\t<div class=\"elementor-element elementor-element-5e2ac47 e-con-full e-flex e-con e-child\" data-id=\"5e2ac47\" data-element_type=\"container\" data-e-type=\"container\" data-settings=\"{&quot;background_background&quot;:&quot;classic&quot;}\">\n\t\t\t\t<div class=\"elementor-element elementor-element-a0b8820 elementor-widget elementor-widget-heading\" data-id=\"a0b8820\" data-element_type=\"widget\" data-e-type=\"widget\" data-widget_type=\"heading.default\">\n\t\t\t\t<div class=\"elementor-widget-container\">\n\t\t\t\t\t<h3 class=\"elementor-heading-title elementor-size-default\">CAPABILITY LEGGENDARIA<\/h3>\t\t\t\t<\/div>\n\t\t\t\t<\/div>\n\t\t\t\t<div class=\"elementor-element elementor-element-6c9e9b2 elementor-widget elementor-widget-heading\" data-id=\"6c9e9b2\" data-element_type=\"widget\" data-e-type=\"widget\" data-widget_type=\"heading.default\">\n\t\t\t\t<div class=\"elementor-widget-container\">\n\t\t\t\t\t<p class=\"elementor-heading-title elementor-size-default\">Grazie al sistema Selec-Terrain  e ad una eccezionale capacit\u00e0 di guado di 408mm, Nuova Jeep  Compass e-Hybrid ridefinisce il concetto di viaggio. E grazie alla guida autonoma di livello 2 di serie, alle telecamere e i sensori di parcheggio, \u00e8 stata progettata per affrontare qualsiasi situazione.<\/p>\t\t\t\t<\/div>\n\t\t\t\t<\/div>\n\t\t\t\t<\/div>\n\t\t<div class=\"elementor-element elementor-element-9be7d75 e-con-full e-flex e-con e-child\" data-id=\"9be7d75\" data-element_type=\"container\" data-e-type=\"container\" data-settings=\"{&quot;background_background&quot;:&quot;classic&quot;}\">\n\t\t\t\t<div class=\"elementor-element elementor-element-fff3145 elementor-widget elementor-widget-spacer\" data-id=\"fff3145\" data-element_type=\"widget\" data-e-type=\"widget\" data-widget_type=\"spacer.default\">\n\t\t\t\t<div class=\"elementor-widget-container\">\n\t\t\t\t\t\t\t<div class=\"elementor-spacer\">\n\t\t\t<div class=\"elementor-spacer-inner\"><\/div>\n\t\t<\/div>\n\t\t\t\t\t\t<\/div>\n\t\t\t\t<\/div>\n\t\t\t\t<\/div>\n\t\t\t\t<\/div>\n\t\t<div class=\"elementor-element elementor-element-0dd434d e-con-full e-flex e-con e-parent\" data-id=\"0dd434d\" data-element_type=\"container\" data-e-type=\"container\">\n\t\t<div class=\"elementor-element elementor-element-c298eb8 e-con-full e-flex e-con e-child\" data-id=\"c298eb8\" data-element_type=\"container\" data-e-type=\"container\" data-settings=\"{&quot;background_background&quot;:&quot;classic&quot;}\">\n\t\t\t\t<div class=\"elementor-element elementor-element-5ddb7b9 elementor-widget elementor-widget-spacer\" data-id=\"5ddb7b9\" data-element_type=\"widget\" data-e-type=\"widget\" data-widget_type=\"spacer.default\">\n\t\t\t\t<div class=\"elementor-widget-container\">\n\t\t\t\t\t\t\t<div class=\"elementor-spacer\">\n\t\t\t<div class=\"elementor-spacer-inner\"><\/div>\n\t\t<\/div>\n\t\t\t\t\t\t<\/div>\n\t\t\t\t<\/div>\n\t\t\t\t<\/div>\n\t\t<div class=\"elementor-element elementor-element-b758465 e-con-full e-flex e-con e-child\" data-id=\"b758465\" data-element_type=\"container\" data-e-type=\"container\" data-settings=\"{&quot;background_background&quot;:&quot;classic&quot;}\">\n\t\t\t\t<div class=\"elementor-element elementor-element-543b33d elementor-widget elementor-widget-heading\" data-id=\"543b33d\" data-element_type=\"widget\" data-e-type=\"widget\" data-widget_type=\"heading.default\">\n\t\t\t\t<div class=\"elementor-widget-container\">\n\t\t\t\t\t<h3 class=\"elementor-heading-title elementor-size-default\">Funzionale e Confortevole<\/h3>\t\t\t\t<\/div>\n\t\t\t\t<\/div>\n\t\t\t\t<div class=\"elementor-element elementor-element-53f6816 elementor-widget elementor-widget-heading\" data-id=\"53f6816\" data-element_type=\"widget\" data-e-type=\"widget\" data-widget_type=\"heading.default\">\n\t\t\t\t<div class=\"elementor-widget-container\">\n\t\t\t\t\t<p class=\"elementor-heading-title elementor-size-default\">Nuova Jeep  Compass e-Hybrid offre molto spazio e comfort per goderti le avventure di tutti i giorni. Con il bagagliaio di 550 litri, uno spazio interno di 34 litri, una radio da 16\", i Servizi Connessi e il portellone elettrico hands-free, i tuoi viaggi saranno ancora pi\u00f9 piacevoli.<\/p>\t\t\t\t<\/div>\n\t\t\t\t<\/div>\n\t\t\t\t<\/div>\n\t\t\t\t<\/div>\n\t\t<div class=\"elementor-element elementor-element-665d92c e-flex e-con-boxed e-con e-parent\" data-id=\"665d92c\" data-element_type=\"container\" data-e-type=\"container\">\n\t\t\t\t\t<div class=\"e-con-inner\">\n\t\t\t\t<div class=\"elementor-element elementor-element-afec8fb elementor-widget elementor-widget-text-editor\" data-id=\"afec8fb\" data-element_type=\"widget\" data-e-type=\"widget\" data-widget_type=\"text-editor.default\">\n\t\t\t\t<div class=\"elementor-widget-container\">\n\t\t\t\t\t\t\t\t\tIniziativa valida fino al 31.05.2026 in caso di permuta o rottamazione. Jeep\u00ae Nuova Compass Altitude e-Hybrid 145cv, Prezzo di Listino \u20ac 40.900 (IPT e contributo PFU escl.). Prezzo Promo \u20ac 35.900.Es. di finanziamento Stellantis Financial Services Italia S.p.a.: Anticipo 16.200 \u20ac &#8211; Importo Totale del Credito 19.971, \u20ac. L&#8217;offerta include il servizio Identicar 12 mesi di 271 \u20ac. Importo Totale Dovuto 20.584,92 \u20ac composto da: Importo Totale del Credito, spese di istruttoria 395 \u20ac, Interessi 0\u20ac, spese di incasso mensili 3,5 \u20ac, imposta sostitutiva sul contratto da addebitare sulla prima rata di 50,92 \u20ac. Tale importo \u00e8 da restituirsi in n\u00b0 48 rate da 428 \u20ac incluse spese di incasso mensili di 3,5 \u20ac. Spese invio rendiconto periodico cartaceo: 0 \u20ac \/anno. TAN (fisso) 0%, TAEG 2,2%. Offerta Stellantis Financial Services Italia S.p.A. valida per contratti stipulati fino al 31 Maggio 2026 soggetta ad approvazione. Documentazione precontrattuale bancaria\/assicurativa in Concessionaria e sul sito www.stellantis-financial-services.it (Sez. Trasparenza). Messaggio Pubblicitario con finalit\u00e0 Promozionali. Caratteristiche\/colori possono differire. Immagini vetture indicative Immagini vetture indicative.\r\n\r\nNuova Jeep\u00ae Compass e-Hybrid: Consumo di carburante: 5,7-5,6 l\/100km; emissioni di CO\u2082: 130-127 g\/km. I valori sono determinati in base al ciclo combinato WLTP, aggiornati a novembre 2025. Dati indicati a fini comparativi. I valori effettivi di consumo possono variare in base a diversi fattori, tra cui: optional, accessori installati dopo l\u2019immatricolazione, temperatura e condizioni meteorologiche esterne, stile di guida, velocit\u00e0, carico del veicolo, utilizzo di determinati equipaggiamenti (aria condizionata, riscaldamento, radio, navigazione, fari, ecc.), tipologia e condizione degli pneumatici, condizioni della strada, ecc\t\t\t\t\t\t\t\t<\/div>\n\t\t\t\t<\/div>\n\t\t\t\t\t<\/div>\n\t\t\t\t<\/div>\n\t\t<div class=\"elementor-element elementor-element-22d0f43 e-flex e-con-boxed e-con e-parent\" data-id=\"22d0f43\" data-element_type=\"container\" data-e-type=\"container\">\n\t\t\t\t\t<div class=\"e-con-inner\">\n\t\t\t\t<div class=\"elementor-element elementor-element-40de039 elementor-widget elementor-widget-heading\" data-id=\"40de039\" data-element_type=\"widget\" data-e-type=\"widget\" data-widget_type=\"heading.default\">\n\t\t\t\t<div class=\"elementor-widget-container\">\n\t\t\t\t\t<h2 class=\"elementor-heading-title elementor-size-default\">Ti aspettiamo da Ghedini Concessionaria Ufficiale Jeep nelle sedi di<\/h2>\t\t\t\t<\/div>\n\t\t\t\t<\/div>\n\t\t<div class=\"elementor-element elementor-element-6a08529 e-con-full e-flex e-con e-child\" data-id=\"6a08529\" data-element_type=\"container\" data-e-type=\"container\">\n\t\t\t\t<div class=\"elementor-element elementor-element-f7b5b10 elementor-widget elementor-widget-shortcode\" data-id=\"f7b5b10\" data-element_type=\"widget\" data-e-type=\"widget\" data-widget_type=\"shortcode.default\">\n\t\t\t\t<div class=\"elementor-widget-container\">\n\t\t\t\t\t\t\t<div class=\"elementor-shortcode\"><div class=\"sede><div class=\"sede-content\"><h3 class=\"sede-name\">Salone Vendita (Ferrara)<\/h3>\r\n            <address class=\"sede-contact-box sede-address\">\r\n                <div class=\"d-flex\">\r\n                    <div class=\"col-2 sede-icon\">\r\n                        <i class=\"fa-light fa-location-dot\"><\/i>\r\n                    <\/div>\r\n                    <div class=\"col-10 sede-text\">Via Sammartina, 3 - Ferrara\r\n                    <\/div>\r\n                <\/div>\r\n            <\/address>\r\n            <div class=\"sede-contact-box sede-phone\">\r\n                <div class=\"d-flex\">\r\n                    <div class=\"col-2 sede-icon\">\r\n                        <i class=\"fa-light fa-phone\"><\/i>\r\n                    <\/div>\r\n                    <div class=\"col-10 sede-text\">\r\n                        <a href=\"tel:00390532773687\">0532 773687<\/a>\r\n                    <\/div>\r\n                <\/div>\r\n            <\/div>\r\n            <div class=\"sede-contact-box sede-hours\">\r\n                <div class=\"d-flex\">\r\n                    <div class=\"col-2 sede-icon\">\r\n                        <i class=\"fa-light fa-clock\"><\/i>\r\n                    <\/div>\r\n                    <div class=\"col-10 sede-text\">Luned\u00ec - Venerd\u00ec<br \/>\r\n8:30 - 12:30 \/ 15:00 - 19:00<br \/>\r\nSabato<br \/>\r\n9:00 - 12:30 \/ 15:00 - 18:30\r\n                    <\/div>\r\n                <\/div>\r\n            <\/div><\/div><\/div>\n\t\t\t\t\t\t<\/div>\n\t\t\t\t<\/div>\n\t\t\t\t<div class=\"elementor-element elementor-element-40a4b85 elementor-widget elementor-widget-shortcode\" data-id=\"40a4b85\" data-element_type=\"widget\" data-e-type=\"widget\" data-widget_type=\"shortcode.default\">\n\t\t\t\t<div class=\"elementor-widget-container\">\n\t\t\t\t\t\t\t<div class=\"elementor-shortcode\"><div class=\"sede><div class=\"sede-content\"><h3 class=\"sede-name\">Salone Vendita (Bologna Roveri)<\/h3>\r\n            <address class=\"sede-contact-box sede-address\">\r\n                <div class=\"d-flex\">\r\n                    <div class=\"col-2 sede-icon\">\r\n                        <i class=\"fa-light fa-location-dot\"><\/i>\r\n                    <\/div>\r\n                    <div class=\"col-10 sede-text\">Via dell'Elettricista, 5-7-9 - Bologna\r\n                    <\/div>\r\n                <\/div>\r\n            <\/address>\r\n            <div class=\"sede-contact-box sede-phone\">\r\n                <div class=\"d-flex\">\r\n                    <div class=\"col-2 sede-icon\">\r\n                        <i class=\"fa-light fa-phone\"><\/i>\r\n                    <\/div>\r\n                    <div class=\"col-10 sede-text\">\r\n                        <a href=\"tel:00390516023511\">051 6023511<\/a>\r\n                    <\/div>\r\n                <\/div>\r\n            <\/div>\r\n            <div class=\"sede-contact-box sede-hours\">\r\n                <div class=\"d-flex\">\r\n                    <div class=\"col-2 sede-icon\">\r\n                        <i class=\"fa-light fa-clock\"><\/i>\r\n                    <\/div>\r\n                    <div class=\"col-10 sede-text\">Luned\u00ec - Venerd\u00ec:<br \/>\r\n08:30 - 12:30 \/ 15:00 - 19:00<br \/>\r\nSabato:<br \/>\r\n09:00 - 12:30 \/ 15:00 - 18:30\r\n                    <\/div>\r\n                <\/div>\r\n            <\/div><\/div><\/div>\n\t\t\t\t\t\t<\/div>\n\t\t\t\t<\/div>\n\t\t\t\t<div class=\"elementor-element elementor-element-0291410 elementor-widget elementor-widget-shortcode\" data-id=\"0291410\" data-element_type=\"widget\" data-e-type=\"widget\" data-widget_type=\"shortcode.default\">\n\t\t\t\t<div class=\"elementor-widget-container\">\n\t\t\t\t\t\t\t<div class=\"elementor-shortcode\"><div class=\"sede><div class=\"sede-content\"><h3 class=\"sede-name\">Salone Vendita (San Giuseppe di Comacchio &#8211; FE)<\/h3>\r\n            <address class=\"sede-contact-box sede-address\">\r\n                <div class=\"d-flex\">\r\n                    <div class=\"col-2 sede-icon\">\r\n                        <i class=\"fa-light fa-location-dot\"><\/i>\r\n                    <\/div>\r\n                    <div class=\"col-10 sede-text\">Strada Statale 309 Romea, 67 - San Giuseppe di Comacchio (FE)\r\n                    <\/div>\r\n                <\/div>\r\n            <\/address>\r\n            <div class=\"sede-contact-box sede-phone\">\r\n                <div class=\"d-flex\">\r\n                    <div class=\"col-2 sede-icon\">\r\n                        <i class=\"fa-light fa-phone\"><\/i>\r\n                    <\/div>\r\n                    <div class=\"col-10 sede-text\">\r\n                        <a href=\"tel:003905321858988\">0532 1858988<\/a>\r\n                    <\/div>\r\n                <\/div>\r\n            <\/div>\r\n            <div class=\"sede-contact-box sede-hours\">\r\n                <div class=\"d-flex\">\r\n                    <div class=\"col-2 sede-icon\">\r\n                        <i class=\"fa-light fa-clock\"><\/i>\r\n                    <\/div>\r\n                    <div class=\"col-10 sede-text\">Luned\u00ec - Venerd\u00ec :<br \/>\r\n8:30 - 12:30 \/ 15:00 - 19:00<br \/>\r\nSabato:<br \/>\r\n9:00 - 12:30 \/ 15:00 - 18:30\r\n                    <\/div>\r\n                <\/div>\r\n            <\/div><\/div><\/div>\n\t\t\t\t\t\t<\/div>\n\t\t\t\t<\/div>\n\t\t\t\t<\/div>\n\t\t\t\t\t<\/div>\n\t\t\t\t<\/div>\n\t\t\t\t<\/div>\n\t\t","protected":false},"excerpt":{"rendered":"<p>Nuova Jeep Compass Altitude e-Hybrid Plug-In 145cv Prezzo 40.900\u20ac tua da 35.900\u20ac 35.900\u20ac con 5.000\u20ac di supervalutazione del tuo usato,<\/p>\n","protected":false},"author":1,"featured_media":2464,"parent":76,"menu_order":1,"comment_status":"closed","ping_status":"closed","template":"page-lp-2026.php","meta":{"_acf_changed":false,"footnotes":""},"pagecategory":[3],"class_list":["post-2458","page","type-page","status-publish","has-post-thumbnail","hentry","pagecategory-model"],"acf":[],"_links":{"self":[{"href":"https:\/\/www.gruppoghedini.it\/promo\/wp-json\/wp\/v2\/pages\/2458","targetHints":{"allow":["GET"]}}],"collection":[{"href":"https:\/\/www.gruppoghedini.it\/promo\/wp-json\/wp\/v2\/pages"}],"about":[{"href":"https:\/\/www.gruppoghedini.it\/promo\/wp-json\/wp\/v2\/types\/page"}],"author":[{"embeddable":true,"href":"https:\/\/www.gruppoghedini.it\/promo\/wp-json\/wp\/v2\/users\/1"}],"replies":[{"embeddable":true,"href":"https:\/\/www.gruppoghedini.it\/promo\/wp-json\/wp\/v2\/comments?post=2458"}],"version-history":[{"count":20,"href":"https:\/\/www.gruppoghedini.it\/promo\/wp-json\/wp\/v2\/pages\/2458\/revisions"}],"predecessor-version":[{"id":2961,"href":"https:\/\/www.gruppoghedini.it\/promo\/wp-json\/wp\/v2\/pages\/2458\/revisions\/2961"}],"up":[{"embeddable":true,"href":"https:\/\/www.gruppoghedini.it\/promo\/wp-json\/wp\/v2\/pages\/76"}],"wp:featuredmedia":[{"embeddable":true,"href":"https:\/\/www.gruppoghedini.it\/promo\/wp-json\/wp\/v2\/media\/2464"}],"wp:attachment":[{"href":"https:\/\/www.gruppoghedini.it\/promo\/wp-json\/wp\/v2\/media?parent=2458"}],"wp:term":[{"taxonomy":"pagecategory","embeddable":true,"href":"https:\/\/www.gruppoghedini.it\/promo\/wp-json\/wp\/v2\/pagecategory?post=2458"}],"curies":[{"name":"wp","href":"https:\/\/api.w.org\/{rel}","templated":true}]}}